- -9) + -2. Suppose -l*v - 21 = -a, 7*a - 4*a = -5*v + 3. What is the remainder when 17 is divided by a?
5
Suppose -7*r + 20 = 5*t - 6*r, -r + 10 = 3*t. What is the remainder when 24 is divided by t?
4
Let v = 116 + -83. What is the remainder when v is divided by 18?
15
Let a = 126 - 78. Let q = -33 + a. Suppose q - 5 = 2*j. Calculate the remainder when 9 is divided by j.
4
Let m = 103 - 4. Let w = 143 - m. Calculate the remainder when w is divided by 23.
21
Suppose 10 = 2*p - 0*p. Suppose -p*j + 10 = -h - 38, 3*j - 4*h = 22. Calculate the remainder when 18 is divided by j.
8
Suppose -x + 30 - 19 = 0. What is the remainder when x is divided by 2?
1
Let o = -6 - 1. Let s = o - -16. What is the remainder when 34 is divided by s?
7
Let p = -2 - -3. What is the remainder when (-2)/5 - 304/(-10) is divided by 14/1 - (-2)/p?
14
Let i(w) be the third derivative of w**5/20 + w**4/12 - w**3/3 + 4*w**2. What is the remainder when i(-3) is divided by 10?
9
Let m = -8 - -26. What is the remainder when m is divided by 10?
8
Suppose -7*v + 24 + 25 = 0. What is the remainder when 9 is divided by v?
2
Let m(s) = -s**3 + 6*s**2 + 4. Let y be m(6). Let f(b) = 2*b**2 - 2*b + 4. What is the remainder when f(y) is divided by 10?
8
What is the remainder when 20 is divided by (26/(-1) + 0)/(-2)?
7
Suppose 2*x + 0*x + 55 = 5*b, 3*b + 4*x - 7 = 0. What is the remainder when 39*(21/b - 2) is divided by 5?
3
Let z = -58 + 64. Calculate the remainder when z is divided by 1.
0
Suppose 0 = -i + d + 17, 0*d + 71 = 5*i + 2*d. Calculate the remainder when 58 is divided by i.
13
Let k be (-3 + 12)*4/(-6). What is the remainder when (-1 - 13)*k/7 is divided by 7?
5
Suppose -l - 4 = 1. Let d(n) = n**2 + 3*n - 7. What is the remainder when 9 is divided by d(l)?
0
Suppose 10*x = 12*x - 176. What is the remainder when x is divided by 30?
28
Let c(z) be the second derivative of -z**4/12 - z**3 + 3*z**2/2 - 3*z. Let i be c(-5). What is the remainder when 6/24 - (-270)/i is divided by 12?
10
Suppose 0 = -3*v + 2*l - 135, 0 = 3*v + 2*l + 35 + 100. Suppose -4*y + 76 = -2*y. Calculate the remainder when y is divided by (-910)/v + (-4)/18.
18
Suppose 3*s - 19 = -4. Let t = -1 - -3. Calculate the remainder when s is divided by t.
1
Let x = -36 + 53. What is the remainder when x is divided by 11?
6
Suppose 20 = 3*h - 67. Suppose -4*j + 23 + h = 0. What is the remainder when j is divided by 7?
6
Let y(u) = u**3 + 7*u**2 - 4. What is the remainder when y(-6) is divided by 8?
0
Suppose 4*f - 5*u - 139 = -4*u, -u = -3*f + 104. What is the remainder when f is divided by 9?
8
Let c(j) = j**3 - 7*j**2 + j - 1. What is the remainder when 9 is divided by c(7)?
3
Suppose 2*h - a - 7 = 0, -3*a - 28 = -5*h - 4*a. Calculate the remainder when 11 is divided by h.
1
Let g(w) = -w + 5. Let h be g(-10). Suppose -2*i - 2 = -10. Let n = h + i. Calculate the remainder when 55 is divided by n.
17
Suppose l + 4*l = -485. Let v be 1 - 3 - -4 - l. Suppose -3*t - 53 = -3*h - 8*t, -4*h + v = t. What is the remainder when h is divided by 14?
12
Suppose 2*v + v = 45. Calculate the remainder when 72 is divided by v.
12
Let m(b) = 2*b + 3. Suppose -5*d = -4*x + 180, -3*x + 4*d - 45 = -4*x. Calculate the remainder when (-4)/(-6)*-3 + x is divided by m(4).
10
Let m = 45 + -41. What is the remainder when 33 is divided by m?
1
Suppose -14 - 30 = -3*g + 5*v, -5*g + 60 = 5*v. What is the remainder when 49 is divided by g?
10
Suppose c - 121 = -4*r, 4 = -2*r - 2*c + 60. Calculate the remainder when 121 + -1*(2 + -2) is divided by r.
28
Suppose 5*i - 7*i = -54. What is the remainder when 131 is divided by i?
23
Let x(f) = 4*f**2 - 2*f - 2. Let g(w) be the second derivative of w**4/12 - 2*w**3 + 5*w**2/2 - 3*w. Calculate the remainder when g(13) is divided by x(2).
8
What is the remainder when 57 is divided by (-559)/(-39) - 4/(-6)?
12
Let v(a) = -a**3 + 3*a**2 + a + 3. Let z be v(4). Let q = z + 36. Calculate the remainder when q is divided by 10.
7
Calculate the remainder when (-21)/(-7)*19/3 is divided by 7.
5
Let w = 43 - 26. What is the remainder when 32 is divided by w?
15
Let l(m) = -m + 1. Let b be l(-3). Suppose -4*x - i = -5*i - 400, -b*x = -5*i - 398. Calculate the remainder when x is divided by 26.
24
Let m be -3*2/(-9)*3. Suppose j = m*j + 1. Let b = j - -8. Calculate the remainder when b is divided by 4.
3
Let i(n) = n - 1. Let t be i(5). Suppose 3*c = -3*x + 5 + 10, -5*x + 3*c + 17 = 0. Let l = x + t. What is the remainder when 15 is divided by l?
7
Suppose -6*a = -2*a + 3*c - 65, 2*c + 30 = a. What is the remainder when 78 is divided by a?
18
Let b(g) = g - 1. Let a be b(3). Let w = 1 + a. Suppose -w*p - 4 = -13. What is the remainder when p is divided by 2?
1
Let b(s) = -s**3 + 6*s**2 - 2*s - 2. What is the remainder when (-1 + -2)/((-14)/238) is divided by b(5)?
12
Let a be (-6)/30 + 6/5. Let p(c) = 3*c**2 - c - 2. Calculate the remainder when 8 - -4 - (-1 - a) is divided by p(2).
6
Suppose z - 3 = -0*z. Suppose -z*a + r = -374, -3*r = -14 + 2. What is the remainder when a is divided by 32?
30
Suppose 0 = -2*b + 46 - 10. Calculate the remainder when 31 is divided by b.
13
Let o(f) = -3*f**3 + 4*f**2 - f - 2. Let j be o(2). Let d be (-3)/j - (-19)/4. Suppose 11 = d*u - 4. What is the remainder when 10 is divided by u?
1
Let b(v) = v**3 + 5*v**2 - 4*v + 3. Let f be b(-6). Let w = 3 - f. Calculate the remainder when 59 is divided by w.
11
Suppose 3*j + 128 = -j - 4*y, 5*j - 4*y = -124. Let z(k) = 6*k + 1. Let f be z(7). Let c = j + f. What is the remainder when c is divided by 8?
7
Let q = 86 - 39. Let p = -38 + 62. Calculate the remainder when q is divided by p.
23
Suppose 47 = -3*j - 5*i - 12, -4*j - i = 56. Let n = j + 26. Calculate the remainder when n is divided by 4.
1
Let n(v) = -2*v - 9. Let s = 11 + 0. Suppose 4*t - 3*b - 59 = 0, 1 = -t - 4*b + s. What is the remainder when t is divided by n(-7)?
4
Let z(c) = 2*c**3 - 4*c**2 - c + 5. Let t(r) = -2*r**3 + 4*r**2 + r - 6. Let w(d) = 3*t(d) + 4*z(d). Calculate the remainder when w(3) is divided by 4.
1
Suppose -4*m + 0*q = -2*q + 12, -3*q = -6. What is the remainder when m/(1/(-25) + 0) is divided by (-6)/2*(-52)/6?
24
Suppose 2*h = h + 19. Let l = -24 + 98. Calculate the remainder when l is divided by h.
17
Calculate the remainder when (-455)/(-5)*32/56 is divided by 5.
2
Let j be (3/3 + 0)*3. Suppose -s + 12 = -j*m - 6, 46 = 2*s - 4*m. What is the remainder when s is divided by (-69)/(-4) + 2/(-8)?
16
Let f(j) = j**2 - 7*j - 9. Suppose 0*r + 2*t - 74 = -2*r, -5*r + 3*t = -161. Calculate the remainder when r is divided by f(9).
7
Let b be -3*1*10/(-6). Suppose 0 = 4*j - 4, -b*q - 4*j + 0*j = 136. What is the remainder when 2 + -1 + (-2 - q) is divided by 14?
13
Let a(j) = -3*j - 4. Let d(w) = w. Let m(z) = -a(z) - 5*d(z). Let n be (-1)/4*14*2. What is the remainder when m(n) is divided by 10?
8
Let t be (-4 - (3 - 6)) + 10. Calculate the remainder when (-3)/(-3) - -3*1 is divided by ((-12)/t)/((-6)/9).
0
Suppose -32*y + 108 = -28*y. Calculate the remainder when 79 is divided by y.
25
Let q(p) = -p**3 - 3*p**2 - p - 3. Calculate the remainder when 63 is divided by q(-4).
12
Let k be (1 - -2)*30/(-9). Let w = k - -32. Suppose -2*o + w = -m - 2*m, -55 = -5*o + 5*m. What is the remainder when 20 is divided by o?
9
Let y(i) = i + 4. Let z(d) = d**3 - 7*d**2 + 7. What is the remainder when z(7) is divided by y(0)?
3
Suppose -4*w - 5 = -21, -4*f + 3*w + 20 = 0. What is the remainder when 7 is divided by -4 + f + (3 - 2)?
2
Let q(b) = 23*b**2 - b. Let t(x) = -x**3 - 3*x**2 + 2*x - 2. Calculate the remainder when q(1) is divided by t(-4).
4
Let g(k) = k + 1. Let f(h) = h**3 - 3*h**2 - h - 5. Let w = -5 + 9. What is the remainder when f(w) is divided by g(3)?
3
Suppose -4*z + 261 = m, 8 = -5*m + 33. What is the remainder when z is divided by (-2432)/(-112) + 2/7?
20
What is the remainder when (-3)/2*122/(-3) is divided by 21?
19
Let w(g) = 5*g - 48. Let a = 1 + 1. Calculate the remainder when a is divided by w(10).
0
Let g = -73 + 165. Suppose 5*b = 48 + g. Calculate the remainder when b is divided by 10.
8
Suppose -d = 2*d. Suppose d = -2*o + 5 + 17. What is the remainder when o is divided by 3?
2
What is the remainder when 17*((-6)/16 - 11/(-8)) is divided by 